{"id":9,"date":"2019-10-07T10:28:59","date_gmt":"2019-10-07T10:28:59","guid":{"rendered":"https:\/\/www.tilkasten-varrinsukuseura.fi\/tvss\/?page_id=9"},"modified":"2023-11-26T20:27:23","modified_gmt":"2023-11-26T18:27:23","slug":"sukuseura","status":"publish","type":"page","link":"https:\/\/www.tilkasten-varrinsukuseura.fi\/?page_id=9","title":{"rendered":"Sukuseura"},"content":{"rendered":"<div id=\"pl-gb9-69f3efe323e85\"  class=\"panel-layout\" ><div id=\"pg-gb9-69f3efe323e85-0\"  class=\"panel-grid panel-has-style\" ><div class=\"pageHeader panel-row-style panel-row-style-for-gb9-69f3efe323e85-0\" ><div id=\"pgc-gb9-69f3efe323e85-0-0\"  class=\"panel-grid-cell\" ><div id=\"panel-gb9-69f3efe323e85-0-0-0\" class=\"so-panel widget widget_sow-image panel-first-child panel-last-child\" data-index=\"0\" ><div\n\t\t\t\n\t\t\tclass=\"so-widget-sow-image so-widget-sow-image-default-8b5b6f678277-9\"\n\t\t\t\n\t\t>\n<div class=\"sow-image-container\">\n\t\t<img \n\tsrc=\"https:\/\/www.tilkasten-varrinsukuseura.fi\/wp-content\/uploads\/2020\/01\/WebSukuseura2-scaled.jpg\" width=\"2560\" height=\"834\" srcset=\"https:\/\/www.tilkasten-varrinsukuseura.fi\/wp-content\/uploads\/2020\/01\/WebSukuseura2-scaled.jpg 2560w, https:\/\/www.tilkasten-varrinsukuseura.fi\/wp-content\/uploads\/2020\/01\/WebSukuseura2-300x98.jpg 300w, https:\/\/www.tilkasten-varrinsukuseura.fi\/wp-content\/uploads\/2020\/01\/WebSukuseura2-1024x334.jpg 1024w, https:\/\/www.tilkasten-varrinsukuseura.fi\/wp-content\/uploads\/2020\/01\/WebSukuseura2-768x250.jpg 768w, https:\/\/www.tilkasten-varrinsukuseura.fi\/wp-content\/uploads\/2020\/01\/WebSukuseura2-1536x500.jpg 1536w, https:\/\/www.tilkasten-varrinsukuseura.fi\/wp-content\/uploads\/2020\/01\/WebSukuseura2-2048x667.jpg 2048w\" sizes=\"(max-width: 2560px) 100vw, 2560px\" title=\"WebSukuseura2\" alt=\"\" \t\tclass=\"so-widget-image\"\/>\n\t<\/div>\n\n<\/div><\/div><\/div><\/div><\/div><div id=\"pg-gb9-69f3efe323e85-1\"  class=\"panel-grid panel-no-style\" ><div id=\"pgc-gb9-69f3efe323e85-1-0\"  class=\"panel-grid-cell\" ><div id=\"panel-gb9-69f3efe323e85-1-0-0\" class=\"so-panel widget widget_xyz_insert_php_widget panel-first-child panel-last-child\" data-index=\"1\" ><div class=\"bcContainer panel-widget-style panel-widget-style-for-gb9-69f3efe323e85-1-0-0\" ><div class=\"breadcrumbs\" typeof=\"BreadcrumbList\" vocab=\"http:\/\/schema.org\/\"><span property=\"itemListElement\" typeof=\"ListItem\"><a property=\"item\" typeof=\"WebPage\" title=\"Tilkasten-V&auml;rrin sukuseura\" href=\"https:\/\/www.tilkasten-varrinsukuseura.fi\" class=\"home\" aria-current=\"page\"><span property=\"name\"><img decoding=\"async\" class=\"bcLink\" src=\"wp-content\/themes\/tvss-theme\/images\/icon-home-black.png\" alt=\"\" \/><\/span><\/a><meta property=\"position\" content=\"1\"><\/span><\/div><\/div><\/div><\/div><\/div><div id=\"pg-gb9-69f3efe323e85-2\"  class=\"panel-grid panel-has-style\" ><div class=\"contentContainer panel-row-style panel-row-style-for-gb9-69f3efe323e85-2\" ><div id=\"pgc-gb9-69f3efe323e85-2-0\"  class=\"panel-grid-cell\" ><div id=\"panel-gb9-69f3efe323e85-2-0-0\" class=\"so-panel widget widget_sow-editor panel-first-child panel-last-child\" data-index=\"2\" ><div class=\"panel-widget-style panel-widget-style-for-gb9-69f3efe323e85-2-0-0\" ><div\n\t\t\t\n\t\t\tclass=\"so-widget-sow-editor so-widget-sow-editor-base\"\n\t\t\t\n\t\t>\n<div class=\"siteorigin-widget-tinymce textwidget\">\n\t<p>Tilkasten ja V\u00e4rrin suvut ovat vanhoja varsinais-suomalaisia talonpoikaissukuja. Sukuseuran nimen juuret juontuvat 1500-luvulle Karinaisiin (nykyinen P\u00f6yty\u00e4) kahteen taloon, jotka kuuluivat luultavasti samaan kantatilaan. Ensimm\u00e4isen vuonna 1540 laaditun maakirjan mukaan kantatila oli jaettu kahdeksi eri taloksi ja kyl\u00e4ksi.<\/p>\n<p>Sukuseura perustettiin vuonna 1983. Ensimm\u00e4inen sukukokous pidettiin Koskella Tl. Sukujuhlaan osallistui l\u00e4hes 600 suvun j\u00e4sent\u00e4. Seuran kotipaikka on P\u00f6yty\u00e4n kunta. Seuran tarkoituksena on toimia yhdyssiteen\u00e4 kaksien 1800-luvun alkupuolella kesken\u00e4\u00e4n avioituneiden sisarusten: Tilkasten Matin ja Leenan sek\u00e4 heid\u00e4n puolisojensa V\u00e4rrin Mikon ja Liisan j\u00e4lkel\u00e4isten kesken. Suvun juuret ovat Karinaisten M\u00e4enp\u00e4\u00e4n ja Tilkasten kyliss\u00e4, josta osa esivanhempiamme muuttivat Karinaisten lis\u00e4ksi l\u00e4hipit\u00e4jiin mm. Koskelle ja Tarvasjoelle ja n\u00e4in muodostui 1800-luvun loppupuolella suvun 15 p\u00e4\u00e4sukuhaaraa.<\/p>\n<p style=\"text-align: center;\"><img loading=\"lazy\" decoding=\"async\" class=\"aligncenter wp-image-136 size-full\" src=\"https:\/\/www.tilkasten-varrinsukuseura.fi\/tvss\/wp-content\/uploads\/2019\/10\/sukupuu.png\" alt=\"\" width=\"465\" height=\"425\" srcset=\"https:\/\/www.tilkasten-varrinsukuseura.fi\/wp-content\/uploads\/2019\/10\/sukupuu.png 465w, https:\/\/www.tilkasten-varrinsukuseura.fi\/wp-content\/uploads\/2019\/10\/sukupuu-300x274.png 300w\" sizes=\"auto, (max-width: 465px) 100vw, 465px\" \/><\/p>\n<p>Sukuseura toimii yhdyssiteen\u00e4 suvun j\u00e4senten v\u00e4lill\u00e4. Suvun arviolta noin 4 000 elossa olevasta j\u00e4senest\u00e4 sukuseuran j\u00e4seni\u00e4 on l\u00e4hes 500. Suku pit\u00e4\u00e4 yhteytt\u00e4 kokoontumalla joka toinen vuosi sukukokouksiin, joissa on pidetty esitelmi\u00e4 ja kuultu merkitt\u00e4vist\u00e4 suvun j\u00e4senist\u00e4. Erityisen kiinnostuksen kohteena ovat olleet suvun historian ja nykyp\u00e4iv\u00e4n taiteilijat, kirjailijat ja muut kulttuuripersoonat. Sukujuhlien lis\u00e4ksi j\u00e4rjestet\u00e4\u00e4n retki\u00e4 suvun kannalta mielenkiintoisiin kohteisiin Sukukirjeill\u00e4 on tiedotettu aika ajoin suvun j\u00e4senille merkitt\u00e4vist\u00e4 tapahtumista ja j\u00e4senkirjeill\u00e4 vuosittain ajankohtaisista asioista.<\/p>\n<p>Tilkasten-V\u00e4rrin suvun historia on koottu kolmeen julkaisuun. Sukukirjan ensimm\u00e4inen osa tutustuttaa suvun kantatilojen historiaan ja kertoo em\u00e4ntien ja is\u00e4ntien vaiheista vuosina 1540 -1940. Sukukirjan toiseen osaan J\u00e4lkipolvet on koottu matrikkelitiedot sukuun kuuluvista aina nykyp\u00e4iv\u00e4\u00e4n asti. Lis\u00e4ksi kirjassa on muutamia muisteluartikkeleita. Kolmas kirja Sukumuistoja on koottu suvun j\u00e4senten kirjoittamista artikkeleista ja haastatteluista. Seuralla on my\u00f6s oma sukupinssi ja sen pohjalta rakennettu p\u00f6yt\u00e4viiri ja sukuseuran grafiikka. Sukuseura on Sukuseurojen keskusliiton j\u00e4sen.<\/p>\n<\/div>\n<\/div><\/div><\/div><\/div><div id=\"pgc-gb9-69f3efe323e85-2-1\"  class=\"panel-grid-cell\" ><div id=\"panel-gb9-69f3efe323e85-2-1-0\" class=\"so-panel widget widget_sow-editor panel-first-child panel-last-child\" data-index=\"3\" ><div class=\"sidePanel panel-widget-style panel-widget-style-for-gb9-69f3efe323e85-2-1-0\" ><div\n\t\t\t\n\t\t\tclass=\"so-widget-sow-editor so-widget-sow-editor-base\"\n\t\t\t\n\t\t>\n<div class=\"siteorigin-widget-tinymce textwidget\">\n\t<h2>Ajankohtaista<\/h2>\n<ul class=\"lcp_catlist\" id=\"lcp_instance_0\"><li><a href=\"https:\/\/www.tilkasten-varrinsukuseura.fi\/?p=669\">Ota p\u00e4iv\u00e4m\u00e4\u00e4r\u00e4 talteen! \u2013 Retki Tilkasten-V\u00e4rrin taidekohteisiin ja kantatiloille 15.6.2024<\/a><\/li><li><a href=\"https:\/\/www.tilkasten-varrinsukuseura.fi\/?p=625\">Joulu on nurkan takana &#8211; onko kaikki lahjat jo hankittu?<\/a><\/li><li><a href=\"https:\/\/www.tilkasten-varrinsukuseura.fi\/?p=600\">Tilkasten-V\u00e4rrin sukuseura ry:n kes\u00e4retki Laukon kartanoon 18.6.2022<\/a><\/li><li><a href=\"https:\/\/www.tilkasten-varrinsukuseura.fi\/?p=544\">Tilkasten-V\u00e4rrin sukuseura ry:n varsinainen sukukokous 2021<\/a><\/li><li><a href=\"https:\/\/www.tilkasten-varrinsukuseura.fi\/?p=376\">Hein\u00e4hattu ja Vilttitossu ja \u00e4rh\u00e4kk\u00e4 koululainen -elokuvan ennakkon\u00e4yt\u00f6s<\/a><\/li><li><a href=\"https:\/\/www.tilkasten-varrinsukuseura.fi\/?p=396\">RISTO R\u00c4PP\u00c4\u00c4J\u00c4 JA PULLISTELIJA -elokuvan ennakkon\u00e4yt\u00f6s<\/a><\/li><li><a href=\"https:\/\/www.tilkasten-varrinsukuseura.fi\/?p=403\">Olavi Virta Elokuvan ennakkon\u00e4yt\u00f6s Tilkasten-V\u00e4rrin sukuun kuuluville<\/a><\/li><\/ul>\n<h2>Blogi<\/h2>\n<ul class=\"lcp_catlist\" id=\"lcp_instance_0\"><li><a href=\"https:\/\/www.tilkasten-varrinsukuseura.fi\/?p=669\">Ota p\u00e4iv\u00e4m\u00e4\u00e4r\u00e4 talteen! \u2013 Retki Tilkasten-V\u00e4rrin taidekohteisiin ja kantatiloille 15.6.2024<\/a><\/li><li><a href=\"https:\/\/www.tilkasten-varrinsukuseura.fi\/?p=614\">Ajan j\u00e4tt\u00e4m\u00e4 Jalmari \u2013 el\u00e4m\u00e4\u00e4 ja sotaa rintamailla<\/a><\/li><li><a href=\"https:\/\/www.tilkasten-varrinsukuseura.fi\/?p=608\">Vanhusten yhteisty\u00f6ll\u00e4 uusi upea el\u00e4m\u00e4kertateos Nuori Aaro<\/a><\/li><li><a href=\"https:\/\/www.tilkasten-varrinsukuseura.fi\/?p=593\">Leikkimisen t\u00e4rkeydest\u00e4<\/a><\/li><li><a href=\"https:\/\/www.tilkasten-varrinsukuseura.fi\/?p=565\">MARJATTA V\u00c4\u00c4N\u00c4NEN, SIELULTAAN KOSKELAINEN<\/a><\/li><li><a href=\"https:\/\/www.tilkasten-varrinsukuseura.fi\/?p=485\">Esittelyss\u00e4 seuran nykyinen puheenjohtaja v. 2019 l\u00e4htien<\/a><\/li><li><a href=\"https:\/\/www.tilkasten-varrinsukuseura.fi\/?p=421\">Kotiseutuneuvos Katri Hellaakoski 95-v. sunnuntaina 8.3.2020<\/a><\/li><li><a href=\"https:\/\/www.tilkasten-varrinsukuseura.fi\/?p=215\">Tilkaset ja V\u00e4rrit &#8211; sukujen ja sukuseuran juurista &#8211; Kirsti Kes\u00e4l\u00e4-Lundahl<\/a><\/li><\/ul>\n<\/div>\n<\/div><\/div><\/div><\/div><\/div><\/div><\/div>\n\n\n\n<!-- AddThis Advanced Settings generic via filter on the_content --><!-- AddThis Share Buttons generic via filter on the_content -->","protected":false},"excerpt":{"rendered":"<p><!-- AddThis Advanced Settings generic via filter on get_the_excerpt --><!-- AddThis Share Buttons generic via filter on get_the_excerpt --><\/p>\n","protected":false},"author":1,"featured_media":0,"parent":0,"menu_order":0,"comment_status":"closed","ping_status":"closed","template":"","meta":{"footnotes":""},"class_list":["post-9","page","type-page","status-publish","hentry"],"_links":{"self":[{"href":"https:\/\/www.tilkasten-varrinsukuseura.fi\/index.php?rest_route=\/wp\/v2\/pages\/9","targetHints":{"allow":["GET"]}}],"collection":[{"href":"https:\/\/www.tilkasten-varrinsukuseura.fi\/index.php?rest_route=\/wp\/v2\/pages"}],"about":[{"href":"https:\/\/www.tilkasten-varrinsukuseura.fi\/index.php?rest_route=\/wp\/v2\/types\/page"}],"author":[{"embeddable":true,"href":"https:\/\/www.tilkasten-varrinsukuseura.fi\/index.php?rest_route=\/wp\/v2\/users\/1"}],"replies":[{"embeddable":true,"href":"https:\/\/www.tilkasten-varrinsukuseura.fi\/index.php?rest_route=%2Fwp%2Fv2%2Fcomments&post=9"}],"version-history":[{"count":30,"href":"https:\/\/www.tilkasten-varrinsukuseura.fi\/index.php?rest_route=\/wp\/v2\/pages\/9\/revisions"}],"predecessor-version":[{"id":664,"href":"https:\/\/www.tilkasten-varrinsukuseura.fi\/index.php?rest_route=\/wp\/v2\/pages\/9\/revisions\/664"}],"wp:attachment":[{"href":"https:\/\/www.tilkasten-varrinsukuseura.fi\/index.php?rest_route=%2Fwp%2Fv2%2Fmedia&parent=9"}],"curies":[{"name":"wp","href":"https:\/\/api.w.org\/{rel}","templated":true}]}}

<div id="pl-gb9-69f3efe323e85"  class="panel-layout" ><div id="pg-gb9-69f3efe323e85-0"  class="panel-grid panel-has-style" ><div class="pageHeader panel-row-style panel-row-style-for-gb9-69f3efe323e85-0" ><div id="pgc-gb9-69f3efe323e85-0-0"  class="panel-grid-cell" ><div id="panel-gb9-69f3efe323e85-0-0-0" class="so-panel widget widget_sow-image panel-first-child panel-last-child" data-index="0" ><div
			
			class="so-widget-sow-image so-widget-sow-image-default-8b5b6f678277-9"
			
		>
<div class="sow-image-container">
		<img 
	src="https://www.tilkasten-varrinsukuseura.fi/wp-content/uploads/2020/01/WebSukuseura2-scaled.jpg" width="2560" height="834" srcset="https://www.tilkasten-varrinsukuseura.fi/wp-content/uploads/2020/01/WebSukuseura2-scaled.jpg 2560w, https://www.tilkasten-varrinsukuseura.fi/wp-content/uploads/2020/01/WebSukuseura2-300x98.jpg 300w, https://www.tilkasten-varrinsukuseura.fi/wp-content/uploads/2020/01/WebSukuseura2-1024x334.jpg 1024w, https://www.tilkasten-varrinsukuseura.fi/wp-content/uploads/2020/01/WebSukuseura2-768x250.jpg 768w, https://www.tilkasten-varrinsukuseura.fi/wp-content/uploads/2020/01/WebSukuseura2-1536x500.jpg 1536w, https://www.tilkasten-varrinsukuseura.fi/wp-content/uploads/2020/01/WebSukuseura2-2048x667.jpg 2048w" sizes="(max-width: 2560px) 100vw, 2560px" title="WebSukuseura2" alt="" 		class="so-widget-image"/>
	</div>

</div></div></div></div></div><div id="pg-gb9-69f3efe323e85-1"  class="panel-grid panel-no-style" ><div id="pgc-gb9-69f3efe323e85-1-0"  class="panel-grid-cell" ><div id="panel-gb9-69f3efe323e85-1-0-0" class="so-panel widget widget_xyz_insert_php_widget panel-first-child panel-last-child" data-index="1" ><div class="bcContainer panel-widget-style panel-widget-style-for-gb9-69f3efe323e85-1-0-0" ><div class="breadcrumbs" typeof="BreadcrumbList" vocab="http://schema.org/"><span property="itemListElement" typeof="ListItem"><a property="item" typeof="WebPage" title="Tilkasten-V&auml;rrin sukuseura" href="https://www.tilkasten-varrinsukuseura.fi" class="home" aria-current="page"><span property="name"><img decoding="async" class="bcLink" src="wp-content/themes/tvss-theme/images/icon-home-black.png" alt="" /></span></a><meta property="position" content="1"></span></div></div></div></div></div><div id="pg-gb9-69f3efe323e85-2"  class="panel-grid panel-has-style" ><div class="contentContainer panel-row-style panel-row-style-for-gb9-69f3efe323e85-2" ><div id="pgc-gb9-69f3efe323e85-2-0"  class="panel-grid-cell" ><div id="panel-gb9-69f3efe323e85-2-0-0" class="so-panel widget widget_sow-editor panel-first-child panel-last-child" data-index="2" ><div class="panel-widget-style panel-widget-style-for-gb9-69f3efe323e85-2-0-0" ><div
			
			class="so-widget-sow-editor so-widget-sow-editor-base"
			
		>
<div class="siteorigin-widget-tinymce textwidget">
	<p>Tilkasten ja Värrin suvut ovat vanhoja varsinais-suomalaisia talonpoikaissukuja. Sukuseuran nimen juuret juontuvat 1500-luvulle Karinaisiin (nykyinen Pöytyä) kahteen taloon, jotka kuuluivat luultavasti samaan kantatilaan. Ensimmäisen vuonna 1540 laaditun maakirjan mukaan kantatila oli jaettu kahdeksi eri taloksi ja kyläksi.</p>
<p>Sukuseura perustettiin vuonna 1983. Ensimmäinen sukukokous pidettiin Koskella Tl. Sukujuhlaan osallistui lähes 600 suvun jäsentä. Seuran kotipaikka on Pöytyän kunta. Seuran tarkoituksena on toimia yhdyssiteenä kaksien 1800-luvun alkupuolella keskenään avioituneiden sisarusten: Tilkasten Matin ja Leenan sekä heidän puolisojensa Värrin Mikon ja Liisan jälkeläisten kesken. Suvun juuret ovat Karinaisten Mäenpään ja Tilkasten kylissä, josta osa esivanhempiamme muuttivat Karinaisten lisäksi lähipitäjiin mm. Koskelle ja Tarvasjoelle ja näin muodostui 1800-luvun loppupuolella suvun 15 pääsukuhaaraa.</p>
<p style="text-align: center;"><img loading="lazy" decoding="async" class="aligncenter wp-image-136 size-full" src="https://www.tilkasten-varrinsukuseura.fi/tvss/wp-content/uploads/2019/10/sukupuu.png" alt="" width="465" height="425" srcset="https://www.tilkasten-varrinsukuseura.fi/wp-content/uploads/2019/10/sukupuu.png 465w, https://www.tilkasten-varrinsukuseura.fi/wp-content/uploads/2019/10/sukupuu-300x274.png 300w" sizes="auto, (max-width: 465px) 100vw, 465px" /></p>
<p>Sukuseura toimii yhdyssiteenä suvun jäsenten välillä. Suvun arviolta noin 4 000 elossa olevasta jäsenestä sukuseuran jäseniä on lähes 500. Suku pitää yhteyttä kokoontumalla joka toinen vuosi sukukokouksiin, joissa on pidetty esitelmiä ja kuultu merkittävistä suvun jäsenistä. Erityisen kiinnostuksen kohteena ovat olleet suvun historian ja nykypäivän taiteilijat, kirjailijat ja muut kulttuuripersoonat. Sukujuhlien lisäksi järjestetään retkiä suvun kannalta mielenkiintoisiin kohteisiin Sukukirjeillä on tiedotettu aika ajoin suvun jäsenille merkittävistä tapahtumista ja jäsenkirjeillä vuosittain ajankohtaisista asioista.</p>
<p>Tilkasten-Värrin suvun historia on koottu kolmeen julkaisuun. Sukukirjan ensimmäinen osa tutustuttaa suvun kantatilojen historiaan ja kertoo emäntien ja isäntien vaiheista vuosina 1540 -1940. Sukukirjan toiseen osaan Jälkipolvet on koottu matrikkelitiedot sukuun kuuluvista aina nykypäivään asti. Lisäksi kirjassa on muutamia muisteluartikkeleita. Kolmas kirja Sukumuistoja on koottu suvun jäsenten kirjoittamista artikkeleista ja haastatteluista. Seuralla on myös oma sukupinssi ja sen pohjalta rakennettu pöytäviiri ja sukuseuran grafiikka. Sukuseura on Sukuseurojen keskusliiton jäsen.</p>
</div>
</div></div></div></div><div id="pgc-gb9-69f3efe323e85-2-1"  class="panel-grid-cell" ><div id="panel-gb9-69f3efe323e85-2-1-0" class="so-panel widget widget_sow-editor panel-first-child panel-last-child" data-index="3" ><div class="sidePanel panel-widget-style panel-widget-style-for-gb9-69f3efe323e85-2-1-0" ><div
			
			class="so-widget-sow-editor so-widget-sow-editor-base"
			
		>
<div class="siteorigin-widget-tinymce textwidget">
	<h2>Ajankohtaista</h2>
<ul class="lcp_catlist" id="lcp_instance_0"><li><a href="https://www.tilkasten-varrinsukuseura.fi/?p=669">Ota päivämäärä talteen! – Retki Tilkasten-Värrin taidekohteisiin ja kantatiloille 15.6.2024</a></li><li><a href="https://www.tilkasten-varrinsukuseura.fi/?p=625">Joulu on nurkan takana &#8211; onko kaikki lahjat jo hankittu?</a></li><li><a href="https://www.tilkasten-varrinsukuseura.fi/?p=600">Tilkasten-Värrin sukuseura ry:n kesäretki Laukon kartanoon 18.6.2022</a></li><li><a href="https://www.tilkasten-varrinsukuseura.fi/?p=544">Tilkasten-Värrin sukuseura ry:n varsinainen sukukokous 2021</a></li><li><a href="https://www.tilkasten-varrinsukuseura.fi/?p=376">Heinähattu ja Vilttitossu ja ärhäkkä koululainen -elokuvan ennakkonäytös</a></li><li><a href="https://www.tilkasten-varrinsukuseura.fi/?p=396">RISTO RÄPPÄÄJÄ JA PULLISTELIJA -elokuvan ennakkonäytös</a></li><li><a href="https://www.tilkasten-varrinsukuseura.fi/?p=403">Olavi Virta Elokuvan ennakkonäytös Tilkasten-Värrin sukuun kuuluville</a></li></ul>
<h2>Blogi</h2>
<ul class="lcp_catlist" id="lcp_instance_0"><li><a href="https://www.tilkasten-varrinsukuseura.fi/?p=669">Ota päivämäärä talteen! – Retki Tilkasten-Värrin taidekohteisiin ja kantatiloille 15.6.2024</a></li><li><a href="https://www.tilkasten-varrinsukuseura.fi/?p=614">Ajan jättämä Jalmari – elämää ja sotaa rintamailla</a></li><li><a href="https://www.tilkasten-varrinsukuseura.fi/?p=608">Vanhusten yhteistyöllä uusi upea elämäkertateos Nuori Aaro</a></li><li><a href="https://www.tilkasten-varrinsukuseura.fi/?p=593">Leikkimisen tärkeydestä</a></li><li><a href="https://www.tilkasten-varrinsukuseura.fi/?p=565">MARJATTA VÄÄNÄNEN, SIELULTAAN KOSKELAINEN</a></li><li><a href="https://www.tilkasten-varrinsukuseura.fi/?p=485">Esittelyssä seuran nykyinen puheenjohtaja v. 2019 lähtien</a></li><li><a href="https://www.tilkasten-varrinsukuseura.fi/?p=421">Kotiseutuneuvos Katri Hellaakoski 95-v. sunnuntaina 8.3.2020</a></li><li><a href="https://www.tilkasten-varrinsukuseura.fi/?p=215">Tilkaset ja Värrit &#8211; sukujen ja sukuseuran juurista &#8211; Kirsti Kesälä-Lundahl</a></li></ul>
</div>
</div></div></div></div></div></div></div>



<!-- AddThis Advanced Settings generic via filter on the_content --><!-- AddThis Share Buttons generic via filter on the_content -->
